{"version":"1.0","provider_name":"Radio Huancayo","provider_url":"https:\/\/radiohuancayo.com.pe\/wp54","author_name":"Michel Sanchez","author_url":"https:\/\/radiohuancayo.com.pe\/wp54\/author\/memoris\/","title":"Cristal le dio la bienvenida a Axel Cabellos - Radio Huancayo","type":"rich","width":600,"height":338,"html":"<blockquote class=\"wp-embedded-content\" data-secret=\"aEVKzlLmeG\"><a href=\"https:\/\/radiohuancayo.com.pe\/wp54\/cristal-le-dio-la-bienvenida-a-axel-cabellos\/\">Cristal le dio la bienvenida a Axel Cabellos<\/a><\/blockquote><iframe sandbox=\"allow-scripts\" security=\"restricted\" src=\"https:\/\/radiohuancayo.com.pe\/wp54\/cristal-le-dio-la-bienvenida-a-axel-cabellos\/embed\/#?secret=aEVKzlLmeG\" width=\"600\" height=\"338\" title=\"\u00abCristal le dio la bienvenida a Axel Cabellos\u00bb \u2014 Radio Huancayo\" data-secret=\"aEVKzlLmeG\" frameborder=\"0\" marginwidth=\"0\" marginheight=\"0\" scrolling=\"no\" class=\"wp-embedded-content\"><\/iframe><script>\n\/*! This file is auto-generated *\/\n!function(d,l){\"use strict\";l.querySelector&&d.addEventListener&&\"undefined\"!=typeof URL&&(d.wp=d.wp||{},d.wp.receiveEmbedMessage||(d.wp.receiveEmbedMessage=function(e){var t=e.data;if((t||t.secret||t.message||t.value)&&!\/[^a-zA-Z0-9]\/.test(t.secret)){for(var s,r,n,a=l.querySelectorAll('iframe[data-secret=\"'+t.secret+'\"]'),o=l.querySelectorAll('blockquote[data-secret=\"'+t.secret+'\"]'),c=new RegExp(\"^https?:$\",\"i\"),i=0;i<o.length;i++)o[i].style.display=\"none\";for(i=0;i<a.length;i++)s=a[i],e.source===s.contentWindow&&(s.removeAttribute(\"style\"),\"height\"===t.message?(1e3<(r=parseInt(t.value,10))?r=1e3:~~r<200&&(r=200),s.height=r):\"link\"===t.message&&(r=new URL(s.getAttribute(\"src\")),n=new URL(t.value),c.test(n.protocol))&&n.host===r.host&&l.activeElement===s&&(d.top.location.href=t.value))}},d.addEventListener(\"message\",d.wp.receiveEmbedMessage,!1),l.addEventListener(\"DOMContentLoaded\",function(){for(var e,t,s=l.querySelectorAll(\"iframe.wp-embedded-content\"),r=0;r<s.length;r++)(t=(e=s[r]).getAttribute(\"data-secret\"))||(t=Math.random().toString(36).substring(2,12),e.src+=\"#?secret=\"+t,e.setAttribute(\"data-secret\",t)),e.contentWindow.postMessage({message:\"ready\",secret:t},\"*\")},!1)))}(window,document);\n\/\/# sourceURL=https:\/\/radiohuancayo.com.pe\/wp54\/wp-includes\/js\/wp-embed.min.js\n<\/script>\n","thumbnail_url":"https:\/\/radiohuancayo.com.pe\/wp54\/wp-content\/uploads\/2025\/02\/image-41.png","thumbnail_width":1200,"thumbnail_height":630,"description":"A trav\u00e9s de las redes sociales, el cuadro de Sporting Cristal cerr\u00f3 su \u00faltima incorporaci\u00f3n para la primera parte del a\u00f1o, se trata del lateral izquierdo Axel Cabellos quien llega a pr\u00e9stamo por toda la temporada 2025. \u00ab\u00a1Bienvenido al R\u00edmac, Axel! Estamos felices de presentar a Axel Cabellos, jugador que llega a pr\u00e9stamo para toda la temporada 2025. \u00a1Con todo, Axel!\u00bb, se\u00f1al\u00f3 el cuadro rimense en redes sociales. Axel, quien es hermano de Catriel Cabellos, estuvo tambi\u00e9n en Racing de Avellaneda, desde donde llega a pr\u00e9stamo por toda la temporada, \u00e9l se desempe\u00f1a como lateral izquierdo y tambi\u00e9n puede jugar como volante por ese sector. As\u00ed, se convierte en la \u00faltima incorporaci\u00f3n del equipo, que guardar\u00e1 un cupo de extranjeros por la lesi\u00f3n de Gustavo Cazonatti, posiblemente para usarlo a mitad de temporada. NO SON LOS \u00daNICOS HERMANOS EN EL PLANTEL El caso de los hermanos Cabellos compartiendo plantel, no ser\u00e1 el \u00fanico, puesto que Jhilmar y Fabrizzio Lora tambi\u00e9n est\u00e1n en el equipo de Guillermo Farr\u00e9.&nbsp;&nbsp;"}

A través de las redes sociales, el cuadro de Sporting Cristal cerró su última incorporación para la primera parte del año, se trata del lateral izquierdo Axel Cabellos quien llega a préstamo por toda la temporada 2025. «¡Bienvenido al Rímac, Axel! Estamos felices de presentar a Axel Cabellos, jugador que llega a préstamo para toda la temporada 2025. ¡Con todo, Axel!», señaló el cuadro rimense en redes sociales. Axel, quien es hermano de Catriel Cabellos, estuvo también en Racing de Avellaneda, desde donde llega a préstamo por toda la temporada, él se desempeña como lateral izquierdo y también puede jugar como volante por ese sector. Así, se convierte en la última incorporación del equipo, que guardará un cupo de extranjeros por la lesión de Gustavo Cazonatti, posiblemente para usarlo a mitad de temporada. NO SON LOS ÚNICOS HERMANOS EN EL PLANTEL El caso de los hermanos Cabellos compartiendo plantel, no será el único, puesto que Jhilmar y Fabrizzio Lora también están en el equipo de Guillermo Farré.&nbsp;&nbsp;
